on divisor of y and 30?
6
Let s be 122 + (-56)/7 - 2. Suppose f + 4*x = 2*f - 26, -13 = -2*f - 5*x. Calculate the greatest common divisor of f and s.
14
Let d(q) = -q**3 - 7*q**2 + q + 10. Suppose 0 = 4*h + 24 + 4. Let s be d(h). Let z = -20 + 23. What is the greatest common factor of s and z?
3
Let l = -50 + 106. Suppose -5*s - 18 = -2*s. Let r(k) = -k**2 - 5*k + 14. Let g be r(s). What is the highest common divisor of l and g?
8
Let b be -13*3*(0 - 1). Suppose 0 = -m + 3*m - 26. What is the greatest common divisor of b and m?
13
Let l = 9 - -4. Let a(g) = -g + 67. Let j be a(15). What is the greatest common factor of j and l?
13
Let w be (0 + -7)/(4 - 5). Suppose 7 - 1 = 3*k, 3*n - 2*k = 185. Calculate the highest common divisor of w and n.
7
Suppose 24 = -u + 5*u. Suppose u*a - 28 - 98 = 0. Let m = -8 - -11. Calculate the greatest common divisor of m and a.
3
Let p = -67 - -529. Calculate the highest common factor of 168 and p.
42
Let z(x) = -x**3 - 3*x**2 - 3*x + 2. Let f be z(-3). Suppose 2*g + 3 = f. Suppose 0 = -g*w - 0*w + 112. What is the greatest common divisor of 14 and w?
14
Let a be (-510)/20*56/6. Let t be (a/(-51))/(1/6). Calculate the greatest common factor of t and 28.
28
Let f be 64/(-6)*(-936)/416. Calculate the highest common factor of f and 136.
8
Suppose -5*k + 6*k = 5*q - 19, k + 3*q = 21. Calculate the highest common factor of k and 42.
6
Let g = 2 - -102. Suppose -j + 0*j = n + 867, 2*n = 4*j - 1752. Let i be n/(-66) - 6/33. What is the highest common divisor of i and g?
13
Let t(z) = z**2 - 5*z - 11. Let f be t(9). Let r = f + -41. Let h be -2 - (-5)/((-5)/r). Calculate the highest common factor of 126 and h.
14
Suppose 0 = -7*o - 78 + 330. What is the highest common divisor of o and 120?
12
Suppose -12 - 3 = -d. Let p be d/9*(0 - 27). Let i = p + 72. Calculate the highest common factor of 216 and i.
27
Suppose i + 2*i - 9*i = 0. Let h = i + 17. What is the highest common factor of h and 68?
17
Let s(a) = -a**2 - 7*a + 1. Let v be s(-5). Let z = v + -7. Suppose p + x = z*p - 120, 5*x = 3*p - 120. What is the highest common factor of 8 and p?
8
Let g be (4/(-8))/((-3)/18) + 14. Suppose -n + g = -3. Let d = 9 - 1. What is the greatest common divisor of d and n?
4
Let l = 440 - 264. Let x be ((-96)/(-20))/((-6)/(-20)). What is the greatest common divisor of x and l?
16
Suppose -79 - 137 = -12*f. What is the highest common divisor of f and 2034?
18
Suppose 385 - 290 = 20*j - 565. Suppose -3*r = q - r - 42, 5*q - 216 = -4*r. What is the highest common divisor of q and j?
11
Suppose -3*g - 340 = -f, -5*g - 1024 = -4*f + f. Calculate the highest common factor of 35 and f.
7
Let m be (1*(-5 - -4))/((-2)/98). What is the greatest common divisor of 637 and m?
49
Let z be (-2)/(-8) - (-8755)/20. Let f = z + -248. Let d(k) = 7*k - 121. Let n be d(20). What is the highest common divisor of n and f?
19
Suppose -15*h = -8*h - 308. What is the highest common factor of 1606 and h?
22
Let f(q) = 2*q**2 + 2. Let b be f(1). Suppose 6*r = b*r + 28. Calculate the greatest common divisor of r and 2.
2
Let q(z) = -3*z + 3. Let u be q(-4). Let f(h) = 2*h**2 + 2*h - 24. Let j be f(6). Calculate the highest common factor of j and u.
15
Suppose 3*h - h + 40 = 0. Let f = -20 - h. Suppose f = w - 2 + 1. What is the greatest common divisor of w and 2?
1
Suppose 0*k - k - 1 = t, 4*k = -5*t - 4. Let z be ((99/2)/k)/(36/(-96)). What is the highest common factor of 12 and z?
12
Let x = 0 + 0. Suppose x = 2*q + 2*a - 54, 12 = -a - 3*a. Suppose -3*i - 12 = 0, -5*i + 2*i - 72 = -5*k. What is the highest common factor of q and k?
6
Suppose -17*b - 1049 = -8478. What is the greatest common divisor of b and 184?
23
Suppose 3*h + 2*g - 170 = 0, -2*h - 4*g = -2*g - 116. Let f = -48 + h. Calculate the greatest common factor of f and 42.
6
Let k(q) = q**2 + 1. Let v be k(1). Let c be 39/13 - (-2*1 - -2). Suppose 4*u - 98 = 2*g, c*g - 69 + 18 = -3*u. What is the highest common divisor of u and v?
2
Suppose -28*f = -38*f + 11110. What is the greatest common factor of f and 11?
11
Let x = 206 - -322. What is the greatest common divisor of x and 66?
66
Let u be (15/10)/((9/60)/3). Calculate the highest common divisor of u and 195.
15
Suppose -u - 2*a - a = -11, 4*a - 16 = -u. Let k be -3*u/(-1 - 4/(-1)). Calculate the greatest common divisor of k and 52.
4
Let h be (45 + -5 + 7)*(0 + 1). Let k = 108 + h. What is the greatest common divisor of k and 31?
31
Suppose -p - 2*p = -3*u, 2*u - p - 4 = 0. Suppose -u*m + 128 = -0*m. What is the greatest common factor of 48 and m?
16
Let d be (-2 + 15/9)/((-2)/18). Suppose -18 = d*p - 6*p. Calculate the highest common divisor of 54 and p.
6
Let s(w) = w**2 + 22*w + 12. Let u be s(-23). Let d = u - 29. Calculate the highest common factor of d and 2.
2
Suppose 2*t = -5*w + 710, 5*w - t - 2*t = 685. Suppose w - 52 = 2*c. What is the greatest common factor of 11 and c?
11
Let z = -828 - -1218. What is the greatest common factor of 12 and z?
6
Let j be 2/(-4) - 13/(-2). Let l be (4 - 2)/((-1)/(-14)). Suppose -l = -2*t - j. What is the greatest common factor of 55 and t?
11
Suppose 0*y = -8*y - 416. Let j = y - -80. Calculate the highest common factor of j and 42.
14
Suppose 5*x + 915 = -v, 2*v + 2*v - 20 = 0. Let k = -100 - x. Let h(c) = 2*c**2 + 4*c - 4. Let o be h(-4). Calculate the highest common divisor of k and o.
12
Suppose -5*y = -4*w + 472, -8*w = -5*w - y - 365. What is the greatest common factor of 82 and w?
41
Let m be (3 - 384/(-9))*3. Let i = 254 - m. Suppose 2*j + 24 = -5*x + 87, 3*x + 4*j - 35 = 0. What is the greatest common factor of i and x?
13
Let t be (-24)/(-11) + 38/(-209). Suppose c + t*u = 48, 5*u + 5 = -4*c + 191. Calculate the greatest common factor of c and 33.
11
Suppose -139672 = 10*l - 89*l. Calculate the greatest common divisor of l and 208.
104
Let g(u) = 7 - 6 - 26*u - 23. Let y be g(-7). What is the greatest common divisor of 20 and y?
20
Let g(l) = l**3 + 4*l**2 - 6*l - 2. Let j be g(-5). Let p(b) = 5*b - 13. Let t be p(j). Calculate the greatest common divisor of t and 6.
2
Suppose -m + 3*m + 42 = 5*j, 4*j = 3*m + 63. Let r be (-8)/12*m/(-2)*-1. Suppose -3*u = -0*u - 21. What is the highest common divisor of u and r?
7
Let z be (-290)/(-25) - (0 + (-4)/10). Let v be 5*3/(45/z). What is the greatest common factor of 36 and v?
4
Let h = 110 - 108. Suppose 3*q - 159 = -p, h*q + 0*p = -3*p + 99. Let s = 1 + 5. What is the greatest common factor of q and s?
6
Let i(z) = z**2 - 2*z + 6. Let j be i(4). Suppose -n + 39*g + 86 = 36*g, -380 = -4*n + 3*g. Calculate the greatest common divisor of n and j.
14
Suppose -2*h + 3*s + 55 = 0, 83 = 3*h - 3*s + 8. Suppose 18*u = 22*u - 200. Calculate the greatest common factor of u and h.
10
Suppose 3*s + 433 = 5*x, -9*s - 255 = -3*x - 6*s. Let k = 193 - x. Calculate the highest common factor of k and 13.
13
Let q = 69 + -48. Calculate the highest common factor of q and 217.
7
Let a(s) = 20*s. Let y be a(1). Suppose -6*p + y + 28 = 0. Suppose -v = 2*v - 72. What is the greatest common factor of v and p?
8
Let o(r) = -r**2 + 24*r - 25. Let a be o(15). Calculate the highest common factor of 20 and a.
10
Let j = -28 + 32. Suppose j*f = 10*f - 570. What is the greatest common divisor of f and 38?
19
Let y(q) = 8*q - 2. Let i be y(-6). Let r = 115 + i. What is the highest common factor of 13 and r?
13
Let b be (-1 + 2 - 5)*-2. Let t be -10 + 14 - 4/((-8)/6). Suppose -10*k + t*k = -216. What is the highest common factor of k and b?
8
Let w = -3264 - -4670. What is the greatest common divisor of w and 74?
74
Let f be (-1 - 5) + -1 + (0 - -597). What is the highest common factor of f and 20?
10
Let x = -385 + 394. What is the highest common divisor of x and 1476?
9
Suppose -g = -t + 19, -5*g - 63 = -2*t - 10. Let j = t + 8. What is the greatest common factor of 66 and j?
22
Let x be (-4 - -2)*(-15)/2. Let s be 2/(-4)*-2 - (21 + -21). Suppose 5*g = 20, y + s = 5*g - x. What is the highest common divisor of y and 20?
4
Suppose -4*j - 3*r + 660 = 0, 4*j - 128 - 540 = -r. Let z be (1*12/(-9) + 2)*84. Calculate the highest common divisor of j and z.
56
Suppose -7*y = -6*y. Suppose y = -4*d + 134 - 42. What is the highest common factor of 115 and d?
23
Let z(l) = -2*l**2 - 2